{"id":50,"date":"2023-08-21T16:22:21","date_gmt":"2023-08-21T14:22:21","guid":{"rendered":"https:\/\/www.feridgiebler.de\/?page_id=50"},"modified":"2023-08-22T21:56:28","modified_gmt":"2023-08-22T19:56:28","slug":"wirtschaft-und-tourismus","status":"publish","type":"page","link":"https:\/\/www.feridgiebler.de\/?page_id=50","title":{"rendered":"Wirtschaft und Tourismus"},"content":{"rendered":"\n<div class=\"wp-block-group alignfull is-layout-flow wp-block-group-is-layout-flow\">\n<div class=\"wp-block-cover is-light\"><span aria-hidden=\"true\" class=\"wp-block-cover__background has-background-dim-0 has-background-dim\"><\/span><img loading=\"lazy\" decoding=\"async\" width=\"2560\" height=\"1703\" class=\"wp-block-cover__image-background wp-image-171\" alt=\"\" src=\"https:\/\/www.feridgiebler.de\/wp-content\/uploads\/2023\/08\/dsc_6350-scaled.jpeg\" data-object-fit=\"cover\" srcset=\"https:\/\/www.feridgiebler.de\/wp-content\/uploads\/2023\/08\/dsc_6350-scaled.jpeg 2560w, https:\/\/www.feridgiebler.de\/wp-content\/uploads\/2023\/08\/dsc_6350-300x200.jpeg 300w, https:\/\/www.feridgiebler.de\/wp-content\/uploads\/2023\/08\/dsc_6350-1024x681.jpeg 1024w, https:\/\/www.feridgiebler.de\/wp-content\/uploads\/2023\/08\/dsc_6350-768x511.jpeg 768w, https:\/\/www.feridgiebler.de\/wp-content\/uploads\/2023\/08\/dsc_6350-1536x1022.jpeg 1536w, https:\/\/www.feridgiebler.de\/wp-content\/uploads\/2023\/08\/dsc_6350-2048x1363.jpeg 2048w\" sizes=\"auto, (max-width: 2560px) 100vw, 2560px\" \/><div class=\"wp-block-cover__inner-container is-layout-flow wp-block-cover-is-layout-flow\">\n<div style=\"height:600px\" aria-hidden=\"true\" class=\"wp-block-spacer\"><\/div>\n<\/div><\/div>\n<\/div>\n\n\n\n<div class=\"wp-block-group has-background-primary-color has-text-color has-background is-layout-flow wp-block-group-is-layout-flow\" style=\"background-color:#1e3848\">\n<h3 class=\"wp-block-heading has-background-primary-color has-text-color pt__10 pb__5 pl__10 pr__10\" style=\"font-style:normal;font-weight:400\">Wirtschaft und Tourismus<\/h3>\n\n\n\n<p class=\"has-background-primary-color has-text-color has-text-xs-font-size pt__5 pb__10 pl__10 pr__10\"><strong><strong>Mit unserer Seenlandschaft, der D\u00fcbener Heide und vielen touristischen Zielen hat unsere Gemeinde das Potenzial zu einem professionellen Tourismusstandort. Statt Boom- setzen wir auf naturnahen Erholungstourismus.<\/strong><\/strong><\/p>\n<\/div>\n\n\n\n<div class=\"wp-block-group alignfull pt__10 pb__10 pl__10 pr__10 is-layout-flow wp-block-group-is-layout-flow\">\n<div class=\"wp-block-group is-layout-flow wp-block-group-is-layout-flow\">\n<div class=\"wp-block-group is-layout-flow wp-block-group-is-layout-flow\">\n<h5 class=\"wp-block-heading has-text-color has-text-xs-font-size pt__10 pb__5\" style=\"color:#1e3848\">GEMEINSAM konnten wir u.a. erreichen:<\/h5>\n\n\n\n<ul class=\"pl__5 wp-block-list\" style=\"line-height:2.5\">\n<li class=\"has-text-xxs-font-size\">Sanierung und Wiederer\u00f6ffnung Roter Turm Pouch<\/li>\n\n\n\n<li class=\"has-text-xxs-font-size\">Stabsstelle Wirtschaftsf\u00f6rderung ist direkt erreichbar, organisiert Vernetzung, zieht zus\u00e4tzliche Arbeitspl\u00e4tze sowie Wirtschaftskraft in unsere Gemeinde und professionalisiert Gemeindemarketing (www.muldestausee-leben.de)<\/li>\n\n\n\n<li class=\"has-text-xxs-font-size\">Ausbau gemeindeweites Glasfasernetz ab Herbst 2023<\/li>\n\n\n\n<li class=\"has-text-xxs-font-size\">Auftr\u00e4ge der Gemeinde, sofern rechtlich m\u00f6glich, erhalten \u00f6rtliche Betriebe<\/li>\n\n\n\n<li class=\"has-text-xxs-font-size\">gezielte Ausweisung von Gewerbefl\u00e4chen zur St\u00e4rkung des Wirtschaftsstandortes<\/li>\n\n\n\n<li class=\"has-text-xxs-font-size\">Voraussetzung f\u00fcr starke touristische Infrastruktur geschaffen (See- und Waldresort in Gr\u00f6bern, Schlossterrassen Pouch Neubau Hotel und Ferienunterk\u00fcnfte, Halbinsel Pouch Beherbergungseinrichtung)<\/li>\n<\/ul>\n<\/div>\n\n\n\n<div class=\"wp-block-group is-layout-flow wp-block-group-is-layout-flow\">\n<h5 class=\"wp-block-heading has-text-color has-text-xs-font-size pt__10 pb__5\" style=\"color:#1e3848\">F\u00fcr die ZUKUNFT habe ich mir u.a. vorgenommen:<\/h5>\n\n\n\n<ul class=\"pl__5 wp-block-list\" style=\"line-height:2.5\">\n<li class=\"has-text-xxs-font-size\">B\u00fcrgermeister und Wirtschaftsf\u00f6rderin bleiben direkte Ansprechpartner<\/li>\n\n\n\n<li class=\"has-text-xxs-font-size\">Auftr\u00e4ge, sofern rechtlich m\u00f6glich, vorrangig an lokale und regionale Firmen<\/li>\n\n\n\n<li class=\"has-text-xxs-font-size\">Gewerbefl\u00e4chen ausweisen, um weitere Ansiedlungen zu erm\u00f6glichen<\/li>\n\n\n\n<li class=\"has-text-xxs-font-size\">Sondergebiete f\u00fcr Freizeit und Erholung bestimmungsgem\u00e4\u00df entwickeln und, gemeinsam mit Land, Zweckverband und touristischen Anbieten, Freizeitangebote an allen Seen erhalten und ausbauen<\/li>\n\n\n\n<li class=\"has-text-xxs-font-size\">Standortmarketing mit Akteuren aus Freizeitwirtschaft sowie Kommunen vernetzen und professionalisieren<\/li>\n\n\n\n<li class=\"has-text-xxs-font-size\">Leitprojekt: Ausbau und Beschilderung touristischer Rad- und Wanderwege<\/li>\n<\/ul>\n<\/div>\n\n\n\n<div class=\"wp-block-group is-layout-flow wp-block-group-is-layout-flow\">\n<h5 class=\"wp-block-heading has-text-color has-text-xs-font-size pt__10 pb__5\" style=\"color:#1e3848\">Programm zum Download<\/h5>\n\n\n\n<ul class=\"pl__5 wp-block-list\" style=\"line-height:2.5\">\n<li class=\"has-text-xxs-font-size\"><a href=\"https:\/\/www.feridgiebler.de\/wp-content\/uploads\/2023\/08\/09-WirtschaftTourismus_X.pdf\" data-type=\"link\" data-id=\"https:\/\/www.feridgiebler.de\/wp-content\/uploads\/2023\/08\/09-WirtschaftTourismus_X.pdf\" target=\"_blank\" rel=\"noreferrer noopener\">Download Wirtschaft und Tourismus<\/a><\/li>\n<\/ul>\n<\/div>\n<\/div>\n<\/div>\n","protected":false},"excerpt":{"rendered":"<p>Wirtschaft und Tourismus Mit unserer Seenlandschaft, der D\u00fcbener Heide und vielen touristischen Zielen hat unsere Gemeinde das Potenzial zu einem professionellen Tourismusstandort. Statt Boom- setzen wir auf naturnahen Erholungstourismus. GEMEINSAM konnten wir u.a. erreichen: F\u00fcr die ZUKUNFT habe ich mir u.a. vorgenommen: Programm zum Download<\/p>\n","protected":false},"author":1,"featured_media":0,"parent":0,"menu_order":5,"comment_status":"closed","ping_status":"closed","template":"","meta":{"footnotes":""},"class_list":["post-50","page","type-page","status-publish","hentry"],"_links":{"self":[{"href":"https:\/\/www.feridgiebler.de\/index.php?rest_route=\/wp\/v2\/pages\/50","targetHints":{"allow":["GET"]}}],"collection":[{"href":"https:\/\/www.feridgiebler.de\/index.php?rest_route=\/wp\/v2\/pages"}],"about":[{"href":"https:\/\/www.feridgiebler.de\/index.php?rest_route=\/wp\/v2\/types\/page"}],"author":[{"embeddable":true,"href":"https:\/\/www.feridgiebler.de\/index.php?rest_route=\/wp\/v2\/users\/1"}],"replies":[{"embeddable":true,"href":"https:\/\/www.feridgiebler.de\/index.php?rest_route=%2Fwp%2Fv2%2Fcomments&post=50"}],"version-history":[{"count":17,"href":"https:\/\/www.feridgiebler.de\/index.php?rest_route=\/wp\/v2\/pages\/50\/revisions"}],"predecessor-version":[{"id":469,"href":"https:\/\/www.feridgiebler.de\/index.php?rest_route=\/wp\/v2\/pages\/50\/revisions\/469"}],"wp:attachment":[{"href":"https:\/\/www.feridgiebler.de\/index.php?rest_route=%2Fwp%2Fv2%2Fmedia&parent=50"}],"curies":[{"name":"wp","href":"https:\/\/api.w.org\/{rel}","templated":true}]}}