{"id":44,"date":"2023-08-21T16:21:33","date_gmt":"2023-08-21T14:21:33","guid":{"rendered":"https:\/\/www.feridgiebler.de\/?page_id=44"},"modified":"2023-08-22T21:55:14","modified_gmt":"2023-08-22T19:55:14","slug":"sicherheit-und-ordnung","status":"publish","type":"page","link":"https:\/\/www.feridgiebler.de\/?page_id=44","title":{"rendered":"Sicherheit und Ordnung"},"content":{"rendered":"\n<div class=\"wp-block-group alignfull is-layout-flow wp-block-group-is-layout-flow\">\n<div class=\"wp-block-cover\"><span aria-hidden=\"true\" class=\"wp-block-cover__background has-background-dim-0 has-background-dim\"><\/span><img loading=\"lazy\" decoding=\"async\" width=\"2560\" height=\"1920\" class=\"wp-block-cover__image-background wp-image-420\" alt=\"\" src=\"https:\/\/www.feridgiebler.de\/wp-content\/uploads\/2023\/08\/20220514_064618804_iOS-scaled.jpg\" data-object-fit=\"cover\" srcset=\"https:\/\/www.feridgiebler.de\/wp-content\/uploads\/2023\/08\/20220514_064618804_iOS-scaled.jpg 2560w, https:\/\/www.feridgiebler.de\/wp-content\/uploads\/2023\/08\/20220514_064618804_iOS-300x225.jpg 300w, https:\/\/www.feridgiebler.de\/wp-content\/uploads\/2023\/08\/20220514_064618804_iOS-1024x768.jpg 1024w, https:\/\/www.feridgiebler.de\/wp-content\/uploads\/2023\/08\/20220514_064618804_iOS-768x576.jpg 768w, https:\/\/www.feridgiebler.de\/wp-content\/uploads\/2023\/08\/20220514_064618804_iOS-1536x1152.jpg 1536w, https:\/\/www.feridgiebler.de\/wp-content\/uploads\/2023\/08\/20220514_064618804_iOS-2048x1536.jpg 2048w\" sizes=\"auto, (max-width: 2560px) 100vw, 2560px\" \/><div class=\"wp-block-cover__inner-container is-layout-flow wp-block-cover-is-layout-flow\">\n<div style=\"height:600px\" aria-hidden=\"true\" class=\"wp-block-spacer\"><\/div>\n<\/div><\/div>\n<\/div>\n\n\n\n<div class=\"wp-block-group has-background-primary-color has-text-color has-background is-layout-flow wp-block-group-is-layout-flow\" style=\"background-color:#1e3848\">\n<h3 class=\"wp-block-heading has-background-primary-color has-text-color pt__10 pb__5 pl__10 pr__10\" style=\"font-style:normal;font-weight:400\">Sicherheit und Ordnung<\/h3>\n\n\n\n<p class=\"has-background-primary-color has-text-color has-text-xs-font-size pt__5 pb__10 pl__10 pr__10\"><strong><strong>Eine starke Sicherheitspartnerschaft von Gemeinde, Freiwilliger Feuerwehr und Wasserwehr, kommunalem Bauhof, Polizei und weiteren Blaulichtorganisationen gew\u00e4hrleistet unsere Sicherheit und Ordnung \u2013 24 Stunden t\u00e4glich, 7 Tage die Woche, 365 Tage im Jahr. &nbsp;<\/strong><\/strong><\/p>\n<\/div>\n\n\n\n<div class=\"wp-block-group alignfull pt__10 pb__10 pl__10 pr__10 is-layout-flow wp-block-group-is-layout-flow\">\n<div class=\"wp-block-group is-layout-flow wp-block-group-is-layout-flow\">\n<div class=\"wp-block-group is-layout-flow wp-block-group-is-layout-flow\">\n<h5 class=\"wp-block-heading has-text-color has-text-xs-font-size pt__10 pb__5\" style=\"color:#1e3848\">GEMEINSAM konnten wir u.a. erreichen:<\/h5>\n\n\n\n<ul class=\"pl__5 wp-block-list\" style=\"line-height:2.5\">\n<li class=\"has-text-xxs-font-size\">Stabsstelle Ordnungsamt steuert zentral alle Gefahrenabwehrma\u00dfnahmen<\/li>\n\n\n\n<li class=\"has-text-xxs-font-size\">kommunaler Bauhof ist flexibel einsetzbare \u201eEingreiftruppe\u201c<\/li>\n\n\n\n<li class=\"has-text-xxs-font-size\">St\u00e4rkung Feuerwehr durch Neubau\/Erweiterung von Ger\u00e4teh\u00e4usern, moderne Ausstattung, Ersatz von Einsatzfahrzeugen, Sicherstellen und Harmonisierung guter Ausbildung (inkl. F\u00fchrerscheine) und \u00dcbung, Spezialisierung von Ortswehren und Unterst\u00fctzung der Kinder- und Jugendfeuerwehren, Hilfeleistungsvereinbarungen mit Nachbarkommunen<\/li>\n\n\n\n<li class=\"has-text-xxs-font-size\">L\u00f6schwasserversorgung verbessert (Zisternen, L\u00f6schbrunnen, Netzausbau)<\/li>\n\n\n\n<li class=\"has-text-xxs-font-size\">St\u00e4rkung Wasserwehr (LKW mit Ladekran, Technik, Ausbildung, F\u00fchrerscheine)<\/li>\n\n\n\n<li class=\"has-text-xxs-font-size\">Ehrenamtscard f\u00fcr Einsatzkr\u00e4fte Feuerwehr und Wasserwehr<\/li>\n\n\n\n<li class=\"has-text-xxs-font-size\">Einf\u00fchrung Gelbe Tonne seit 2020 als Modellkommune<\/li>\n\n\n\n<li class=\"has-text-xxs-font-size\">Reduzierung Graffitisch\u00e4den durch Freigabe legaler Fl\u00e4chen und Projekte<\/li>\n<\/ul>\n<\/div>\n\n\n\n<div class=\"wp-block-group is-layout-flow wp-block-group-is-layout-flow\">\n<h5 class=\"wp-block-heading has-text-color has-text-xs-font-size pt__10 pb__5\" style=\"color:#1e3848\">F\u00fcr die ZUKUNFT habe ich mir u.a. vorgenommen:<\/h5>\n\n\n\n<ul class=\"pl__5 wp-block-list\" style=\"line-height:2.5\">\n<li class=\"has-text-xxs-font-size\">Sicherheitspartnerschaft von Ordnungsamt und Blaulichtorganisationen st\u00e4rken<\/li>\n\n\n\n<li class=\"has-text-xxs-font-size\">Feuerwehren und Wasserwehr weiter st\u00e4rken und Ger\u00e4teh\u00e4user nach \u201eKatastrophenleuchtturmprinzip\u201c etablieren<\/li>\n\n\n\n<li class=\"has-text-xxs-font-size\">weitere witterungsunabh\u00e4ngige L\u00f6schwasserquellen erschlie\u00dfen<\/li>\n\n\n\n<li class=\"has-text-xxs-font-size\">Abschluss geplanter Hochwasserschutzma\u00dfnahmen und Neubau Betriebsgeb\u00e4ude Wasserwehr vorantreiben<\/li>\n\n\n\n<li class=\"has-text-xxs-font-size\">Angebote der Ehrenamtscard ausweiten<\/li>\n\n\n\n<li class=\"has-text-xxs-font-size\">Bauhof durch interkommunale Zusammenarbeit, private Dienstleister und \u201eDorfk\u00fcmmerer\u201c entlasten<\/li>\n\n\n\n<li class=\"has-text-xxs-font-size\">als Modellkommune an Gelber Tonne festhalten<\/li>\n\n\n\n<li class=\"has-text-xxs-font-size\">Graffitiprojekte fortsetzen und an geeigneten Orten neue Fl\u00e4chen herstellen<\/li>\n<\/ul>\n<\/div>\n\n\n\n<div class=\"wp-block-group is-layout-flow wp-block-group-is-layout-flow\">\n<h5 class=\"wp-block-heading has-text-color has-text-xs-font-size pt__10 pb__5\" style=\"color:#1e3848\">Programm zum Download<\/h5>\n\n\n\n<ul class=\"pl__5 wp-block-list\" style=\"line-height:2.5\">\n<li class=\"has-text-xxs-font-size\"><a href=\"https:\/\/www.feridgiebler.de\/wp-content\/uploads\/2023\/08\/06-SicherheitOrdnung_X.pdf\" data-type=\"link\" data-id=\"https:\/\/www.feridgiebler.de\/wp-content\/uploads\/2023\/08\/06-SicherheitOrdnung_X.pdf\" target=\"_blank\" rel=\"noreferrer noopener\">Download Sicherheit und Ordnung<\/a><\/li>\n<\/ul>\n<\/div>\n<\/div>\n<\/div>\n","protected":false},"excerpt":{"rendered":"<p>Sicherheit und Ordnung Eine starke Sicherheitspartnerschaft von Gemeinde, Freiwilliger Feuerwehr und Wasserwehr, kommunalem Bauhof, Polizei und weiteren Blaulichtorganisationen gew\u00e4hrleistet unsere Sicherheit und Ordnung \u2013 24 Stunden t\u00e4glich, 7 Tage die Woche, 365 Tage im Jahr. &nbsp; GEMEINSAM konnten wir u.a. erreichen: F\u00fcr die ZUKUNFT habe ich mir u.a. vorgenommen: Programm zum Download<\/p>\n","protected":false},"author":1,"featured_media":0,"parent":0,"menu_order":2,"comment_status":"closed","ping_status":"closed","template":"","meta":{"footnotes":""},"class_list":["post-44","page","type-page","status-publish","hentry"],"_links":{"self":[{"href":"https:\/\/www.feridgiebler.de\/index.php?rest_route=\/wp\/v2\/pages\/44","targetHints":{"allow":["GET"]}}],"collection":[{"href":"https:\/\/www.feridgiebler.de\/index.php?rest_route=\/wp\/v2\/pages"}],"about":[{"href":"https:\/\/www.feridgiebler.de\/index.php?rest_route=\/wp\/v2\/types\/page"}],"author":[{"embeddable":true,"href":"https:\/\/www.feridgiebler.de\/index.php?rest_route=\/wp\/v2\/users\/1"}],"replies":[{"embeddable":true,"href":"https:\/\/www.feridgiebler.de\/index.php?rest_route=%2Fwp%2Fv2%2Fcomments&post=44"}],"version-history":[{"count":22,"href":"https:\/\/www.feridgiebler.de\/index.php?rest_route=\/wp\/v2\/pages\/44\/revisions"}],"predecessor-version":[{"id":465,"href":"https:\/\/www.feridgiebler.de\/index.php?rest_route=\/wp\/v2\/pages\/44\/revisions\/465"}],"wp:attachment":[{"href":"https:\/\/www.feridgiebler.de\/index.php?rest_route=%2Fwp%2Fv2%2Fmedia&parent=44"}],"curies":[{"name":"wp","href":"https:\/\/api.w.org\/{rel}","templated":true}]}}